4 - 1).
-2
Evaluate -13 + (0 - 3) + 12.
-4
What is the value of 2 + (-3 - 3) + (-4 - -6)?
-2
4 + (4 + -6 - -2)
4
What is 3 + 6 + (-3 - 2)?
4
Evaluate 2 - 2 - 3 - (-1 + -5).
3
Calculate 3 + (-4 - -2) + -1.
0
-150 + 149 + (1 - -4) + 0
4
Calculate 4 - (2 + 1 + 3) - -3.
1
Evaluate -7 + (9 - 4 - -1).
-1
Calculate 0 - ((4 - 3 - 1) + -5).
5
12 + 3 + -23 + (-1 - 0)
-9
Evaluate (-25 - -13 - -3) + 1.
-8
Evaluate -22 + 22 - (-1 + 2).
-1
Calculate -1 - ((-1 - 0) + -3).
3
What is -5 + -2 + 16 + -2?
7
1 - 9 - (0 - (5 + -1))
-4
What is the value of -5 + (17 - 10) + -4?
-2
What is the value of 22 - 30 - (-11 + 2)?
1
(8 - 4) + -45 + 34
-7
What is the value of -5 + 2 - (1 - 2)?
-2
Calculate (-1 - -6) + -3 + 5 + -4.
3
Calculate (-15 - -8) + 8 - (-1 + 0).
2
What is -2 + -2 - (-11 + 2 - -1)?
4
What is the value of 4 + -6 + 4 + 0?
2
Calculate (-1 - 0) + (6 - 3) + -1.
1
Evaluate (-11 - -5) + 15 + -12.
-3
What is the value of (-3 - -5) + (-2 - 1 - 1)?
-2
What is 0 + 2 + -30 + 21?
-7
-4 - (-5 - (-8 + 9)) - -3
5
What is 6 - 9 - ((-5 - -6) + -5)?
1
Calculate -1 + 3 + (2 - 1).
3
Calculate (3 - 0) + (-9 - -8).
2
What is 0 - -3 - (43 - 44)?
4
What is the value of -5 - (-8 - -4 - -1)?
-2
What is the value of (0 - 2) + (2 - (0 + -4))?
4
What is the value of 2 - ((10 - 11) + (-1 - -5))?
-1
Calculate -1 + (5 - ((11 - -1) + -6)).
-2
What is the value of (3 - 11) + 5 + 3 + -5?
-5
Evaluate 22 - 11 - (13 + -2).
0
What is -1 + (0 - 8) + 4?
-5
(3 - 0 - (-8 + 18)) + 2
-5
-5 + -2 + 14 + -10
-3
Calculate (0 - -2) + (1 - (-9 + 18)).
-6
1 + (-4 - -5) + 6 + 1
9
Calculate (0 - (-3 - -4) - 1) + -2.
-4
Evaluate -10 + 2 - -1 - -4.
-3
-2 + (2 + 0 - (5 - 2))
-3
-4 + 3 + -4 + 9
4
What is -3 + -5 + (-1 - 6) + 23?
8
What is the value of 2 + 1 + (-12 - -6) + 14?
11
Evaluate -7 + 8 + -3 - (1 - 5).
2
Calculate -3 + (4 + -1 - 0).
0
Evaluate 0 + -2 + (2 - -5) - 8.
-3
What is 2 - (-1 + 1 + 9)?
-7
What is the value of -5 + 4 + (-2 - 5) + 7?
-1
(-8 + 1 - -5) + -7 + 2
-7
What is 3 - (4 + -3 + -3)?
5
What is (-1 - (2 + -2)) + 57 + -54?
2
11 + -10 + -4 + 2 + 7
6
Calculate -6 + -2 + 6 + 3 + -3.
-2
Calculate (14 - 20) + (3 - -5) + 0.
2
Evaluate 2 + -3 - (7 - 13) - -2.
7
Calculate -11 + -5 + 3 + 4 - -4.
-5
24 + -9 + -16 - (-7 - 1)
7
-6 - -2 - (-16 + 15)
-3
(1 - 1) + -1 + 0
-1
What is -6 + (1 - 3 - -3 - -1)?
-4
-4 + (5 - 0 - 1 - 0)
0
What is 2 + 0 + -4 + -1 - -8?
5
Calculate (-18 - 1) + 8 + -4 + 7.
-8
Evaluate (-6 + 0 - -3 - -6) + 3.
6
Evaluate (-23 - -23) + 0 + -3.
-3
Evaluate (0 - 0) + (-11 - -6) + 6.
1
What is 1 + -4 + 7 + -3?
1
What is the value of (6 - (4 + -4)) + -1?
5
Calculate -2 + (8 - 6) - (3 + -1).
-2
What is the value of 0 + (-1 - 8 - (23 + -27))?
-5
What is (3 - 6) + -4 + 2?
-5
Evaluate -8 + 1 + 8 - 4.
-3
What is -1 - -1 - (-8 - (-3 + -3))?
2
What is the value of 0 + (-5 - (3 - (-6 - -8)))?
-6
What is -7 - (-4 + 0) - (-1 - 1)?
-1
Evaluate (2 - -1 - 0) + -3.
0
Calculate -2 + -1 - (1 - 5).
1
What is the value of 3 - 1 - (-9 + 9)?
2
Evaluate (-8 - (-7 + 3)) + (11 - 5).
2
What is 3 - 1 - -1 - (0 - -5)?
-2
What is (-2 - (-2 - 2)) + -3 - 0?
-1
Calculate (4 + -1 - 6) + 7.
4
What is the value of 1 - (-2 + (4 - 0) + 3)?
-4
Calculate -5 + (2 - 2) + 7.
2
What is the value of -3 + (2 + -6 - -5)?
-2
What is the value of 1 - (2 - (1 - 0))?
0
What is -7 + (7 - -8) - 8?
0
What is -1 + -3 - (6 + -2 + -11)?
3
What is the value of -5 - (-8 + 3 + 3 + 0)?
-3
What is -6 - -1 - (46 + -52)?
1
What is -10 + 10 + -6 - 3?
-9
(0 - 3) + (5 + -2 - 2)
-2
(-10 - (-2 + (3 - 5))) + 1
-5
What is 3 + -11 + 15 + -9?
-2
Calculate -2 - (-1 - (16 - 8)).
7
Evaluate (7 - 4) + 0 - (4 - 1).
0
What is the value of -1 + 0 - (-17 + 14)?
2
Calculate (-7 - (7 + -17)) + 3.
6
What is -7 + -2 - (-27 + 24)?
-6
-3 + (2 - 4) + 1 + 8
4
Calculate (-50 - -59) + (-8 - 2).
-1
What is -3 + -1 + (44 - 33)?
7
Calculate -2 + 3 + (0 - -1).
2
Evaluate (-2 - 3) + (-1 - -5).
-1
Calculate -11 + (-6 - -10) + -2 + 14.
5
What is the value of 13 - 18 - (-3 - -2 - -3)?
-7
-1 + -1 + -6 + 6
-2
What is the value of (113 - 118) + 7 + 1 + 0?
3
What is 3 - (-2 + 3) - (-1 + 5)?
-2
0 + (0 - -1) + -1
0
What is the value of (-11 - -7 - -10) + 5 + -3?
8
Evaluate 24 - 23 - (-10 + 3 + 0).
8
-1 - ((3 - 5) + 12)
-11
Calculate -5 - (-8 + 5) - 2.
-4
What is the value of 5 - ((3 - (-4 - -7)) + 13)?
-8
Calculate 4 + -7 + 1 - (1 + -2).
-1
Evaluate -3 + -2 + 1 + 1.
-3
Evaluate (254 - 259) + -2 + 0 + -2.
-9
What is the value of (-4 - 7 - -3) + 17?
9
What is the value of 5 + -7 + (0 - -8)?
6
9 + (-2 - 5) - -3
5
What is -3 + -2 + (19 - 13) + -3?
-2
(1 + 0 - 4) + 2
-1
Evaluate 0 + 3 - (0 - -5 - 2).
0
What is (-1 - (2 - 6)) + 5 + -4?
4
Evaluate (-2 - 2 - -14) + -6.
4
Calculate -5 + (3 - 2) - (-2 - 1).
-1
What is (1 - -7) + -36 + 34?
6
What is 3 - (1 - 5 - -5)?
2
-1 - 1 - ((3 - -9) + -7)
-7
Evaluate 0 + 4 + (-2 - 2 - 1).
-1
Evaluate 0 + -3 + 11 + 0.
8
Evaluate -6 + 0 - (17 + -18).
-5
Evaluate 1 - (-7 - (7 + -11)).
4
-2 + 5 - ((-4 - -1) + 3)
3
7 - (-4 - -1 - (2 - 11))
1
What is (-3 - (14 - 4)) + 20?
7
What is 36 + -36 - (2 + -10)?
8
What is the value of -5 + (7 - -7) + -12?
-3
-2 - -6 - (3 + -6 - -3)
4
Evaluate -6 - (-5 + (-4 - -8 - 5)).
0
6 + (-1 - -2) + -2 + 1
6
Calculate 5 + 1 + 3 + -5.
4
2 - (2 + 1) - 4
-5
Calculate 1 + -2 + 0 + (3 - 0).
2
-5 - -1 - ((-5 - -6) + -1)
-4
-2 + (3 + 2 - 3 - 6)
-6
What is -5 + (-2 - (-15 + 8))?
0
Evaluate -7 - (-7 + 5 + -6).
1
Evaluate 3 + 3 - (0 + 5).
1
Evaluate (2 - 1) + -2 + 24 + -22.
1
What is -3 + (-2 - -3) + -16 + 15?
-3
What is 5 - (-5 - (-3 - 1)) - 6?
0
Calculate -10 + (-2 - -4) - (-2 - 1).
-5
Evaluate 14 - (3 - 2 - -10).
3
What is the value of 3 + -2 - (5 + 3) - -3?
-4
What is the value of -5 + 6 + -9 + 8?
0
What is 1 + -5 + 4 + -5?
-5
7 + -13 + 3 + -1
-4
-9 + 8 - (-4 + -2)
5
What is the value of 9 - (4 + -2) - 10?
-3
What is 1 + (0 - -9 - (16 - 13))?
7
Evaluate 7 - (1 - 1) - (17 + -13).
3
What is the value of (-6 - (3 - 2)) + 0?
-7
What is the value of 20 + -13 + (-4 - 0)?
3
Calculate -1 - -6 - ((-16 - -40) + -19).
0
Evaluate (6 + -2 - 2) + 2.
4
Calculate 2 + (4 - (2 + 0)).
4
-4 + -1 + 0 + 4 + -4
-5
What is the value of 11 - 3 - ((0 - -3) + 1)?
4
What is (-2 - -3) + -1 + 1 - -4?
5
-3 - (6 + 3 - 10)
-2
What is the value of 4 + -7 + (-5 - -9)?
1
What is -9 - (2 + -4 + -13)?
6
Calculate (-77 - -76) + 5 + -1.
3
What is the value of (-5 - 0) + (2 - (-4 + 3))?
-2
Calculate -5 - (0 + -5 + 6).
-6
Evaluate (1 + (6 - 19) - 2) + 6.
-8
Calculate -25 + (13 - -13) - (-3 - 0).
4
What is the value of 8 + 0 - 5 - 3?
0
What is -2 - (-4 - -11) - -7?
-2
What is (7 - 3) + -3 + (49 - 51)?
-1
What is (-5 - -4 - (0 - 0)) + 0?
-1
Evaluate 3 + (-2 - (-7 - -11)).
-3
-9 + (-6 - -10) - -4
-1
Evaluate -3 + 7 + -1 - 1.
2
What is -3 + 1 + -8 + (10 - 2)?
-2
Evaluate -2 - (-53 + 43 + (2 - 0)).
6
Evaluate (5 + -4 - -6) + -21 + 5.
-9
Evaluate (-2 - -1) + (0 - -1).
0
Calculate 3 + 0 - 2 - -3.
4
What is the value of -14 - (-26 + 10) - (5 - 2)?
-1
What is the value of -2 + 0 + -1 + -1 - -2?
-2
Calculate (-12 - -6) + 2 + 8.
4
Calculate -4 - 2 - (2 - 3).
-5
Evaluate -7 + (-6 - (4 + -13)).
-4
What is the value of 5 + (-1 + -4 + 5 - 4)?
1
What is 1 - -1 - (-7 + (19 - 7))?
-3
What is the value of 4 - 0 - 4 - -4?
4
What is the value of 0 + 3 + -13 + 14 - 2?
2
-4 + (8 - 3) + 2 + 1
4
What is the value of 1 + (5 - (14 - 4))?
-4
Evaluate 2 + 4 - 15 - -6 - -2.
-1
Evaluate (-3 - -3) + (-9 - -4).
-5
Calculate (6 - 10 - 1) + 2.
-3
-26 - -20 - (3 + -9)
0
Evaluate (14 - (0 + 6) - 5) + -10.
-7
Calculate 11 - (15 - 7) - 11.
-8
What is 9 + (12 - (15 + -2))?
8
Calculate -5 - -1 - (11 - (16 + 2)).
3
Calculate -7 - (-2 + (6 - 16)).
5
What is the value of -1 + (-7 - (2 + -5))?
-5
What is (-12 - -16) + -8 + 0?
-4
What is the value of -4 - (-3 - -4) - (1 - 4)?
-2
What is the value of -1 + 8 + 3 + -13 + 2?
-1
-5 + 6 + 0 + -4
-3
What is 3 + 1 - (-6 + 11) - -2?
1
What is 9 + (-10 + (-2 - 1) - -8)?
4
2 - ((2 - 3) + 2)
1
What is 7 + -4 + (-5 - 2)?
-4
What is the value of -5 - (8 + -7) - 0?
-6
Evaluate 4 - (-2 - -6) - -1.
1
(-2 - -6 - -4) + -17 + 7
-2
What is the value of 0 + 4 - ((-4 - -7) + 8)?
-7
What is the value of 20 + -13 + (1 - 1 - 1)?
6
What is (-11 - -1 - -1) + 8?
-1
What is the value of -16 + 0 - (5 + -14)?
-7
What is 5 - (1 + 1 + (40 - 37))?
0
What is the value of 4 - (3 - (5 + -4))?
2
What is -9 - (-10 + -3 